{"id":2,"date":"2024-05-21T15:14:43","date_gmt":"2024-05-21T13:14:43","guid":{"rendered":"http:\/\/rives-conseil.com\/?page_id=2"},"modified":"2025-05-06T06:11:26","modified_gmt":"2025-05-06T04:11:26","slug":"page-d-exemple","status":"publish","type":"page","link":"https:\/\/rives-conseil.com\/","title":{"rendered":"Accueil"},"content":{"rendered":"\t\t<div data-elementor-type=\"wp-page\" data-elementor-id=\"2\" class=\"elementor elementor-2\" data-elementor-post-type=\"page\">\n\t\t\t\t<div class=\"elementor-element elementor-element-911c7bd e-con-full e-flex e-con e-parent\" data-id=\"911c7bd\" data-element_type=\"container\" data-settings=\"{&quot;background_background&quot;:&quot;classic&quot;}\">\n\t\t<div class=\"elementor-element elementor-element-efada63 e-con-full e-flex e-con e-child\" data-id=\"efada63\" data-element_type=\"container\" data-settings=\"{&quot;background_background&quot;:&quot;classic&quot;}\">\n\t\t\t\t<div class=\"elementor-element elementor-element-1e230d6 elementor-widget elementor-widget-theme-site-logo elementor-widget-image\" data-id=\"1e230d6\" data-element_type=\"widget\" data-widget_type=\"theme-site-logo.default\">\n\t\t\t\t<div class=\"elementor-widget-container\">\n\t\t\t\t\t\t\t\t\t\t\t<a href=\"https:\/\/rives-conseil.com\">\n\t\t\t<img fetchpriority=\"high\" decoding=\"async\" width=\"818\" height=\"228\" src=\"https:\/\/rives-conseil.com\/wp-content\/uploads\/2024\/07\/logo-rives-conseil.svg\" class=\"attachment-full size-full wp-image-26\" alt=\"\" \/>\t\t\t\t<\/a>\n\t\t\t\t\t\t\t\t\t\t\t<\/div>\n\t\t\t\t<\/div>\n\t\t\t\t<\/div>\n\t\t<div class=\"elementor-element elementor-element-48abe9f e-con-full e-flex e-con e-child\" data-id=\"48abe9f\" data-element_type=\"container\" data-settings=\"{&quot;background_background&quot;:&quot;classic&quot;}\">\n\t\t\t\t<div class=\"elementor-element elementor-element-769d039 elementor-widget elementor-widget-text-editor\" data-id=\"769d039\" data-element_type=\"widget\" data-widget_type=\"text-editor.default\">\n\t\t\t\t<div class=\"elementor-widget-container\">\n\t\t\t\t\t\t\t\t\t<p>Rives est une soci\u00e9t\u00e9 fran\u00e7aise de conseil en communication entre les territoires. Nous sommes le <em>conseiller des dirigeants<\/em> d\u2019entreprises de taille interm\u00e9diaire, d\u2019entreprises familiales et de startups industrielles.<\/p>\t\t\t\t\t\t\t\t<\/div>\n\t\t\t\t<\/div>\n\t\t<div class=\"elementor-element elementor-element-69e1974 e-con-full e-flex e-con e-child\" data-id=\"69e1974\" data-element_type=\"container\" data-settings=\"{&quot;sticky&quot;:&quot;bottom&quot;,&quot;sticky_on&quot;:[&quot;mobile&quot;],&quot;sticky_offset_mobile&quot;:25,&quot;sticky_offset&quot;:0,&quot;sticky_effects_offset&quot;:0,&quot;sticky_anchor_link_offset&quot;:0}\">\n\t\t\t\t<div class=\"elementor-element elementor-element-ed4be42 elementor-widget elementor-widget-button\" data-id=\"ed4be42\" data-element_type=\"widget\" data-widget_type=\"button.default\">\n\t\t\t\t<div class=\"elementor-widget-container\">\n\t\t\t\t\t\t\t\t\t<div class=\"elementor-button-wrapper\">\n\t\t\t\t\t<a class=\"elementor-button elementor-button-link elementor-size-sm\" href=\"&#109;a&#x69;l&#x74;o&#x3a;f&#x6d;&#111;&#x72;&#101;&#x6c;&#98;&#x61;&#114;b&#105;e&#x72;&#64;&#x72;i&#x76;&#101;&#x73;&#45;&#x63;&#111;&#x6e;&#115;&#x65;&#105;l&#46;c&#x6f;m\">\n\t\t\t\t\t\t<span class=\"elementor-button-content-wrapper\">\n\t\t\t\t\t\t\t\t\t<span class=\"elementor-button-text\">Nous contacter<\/span>\n\t\t\t\t\t<\/span>\n\t\t\t\t\t<\/a>\n\t\t\t\t<\/div>\n\t\t\t\t\t\t\t\t<\/div>\n\t\t\t\t<\/div>\n\t\t\t\t<div class=\"elementor-element elementor-element-95f80f5 elementor-widget elementor-widget-image\" data-id=\"95f80f5\" data-element_type=\"widget\" data-widget_type=\"image.default\">\n\t\t\t\t<div class=\"elementor-widget-container\">\n\t\t\t\t\t\t\t\t\t\t\t\t\t\t\t\t<a href=\"https:\/\/www.linkedin.com\/in\/fr\u00e9d\u00e9ric-morel-barbier-90480646\/\" target=\"_blank\">\n\t\t\t\t\t\t\t<img decoding=\"async\" width=\"96\" height=\"96\" src=\"https:\/\/rives-conseil.com\/wp-content\/uploads\/2024\/07\/logo-linkedin.png\" class=\"elementor-animation-grow attachment-full size-full wp-image-95\" alt=\"\" \/>\t\t\t\t\t\t\t\t<\/a>\n\t\t\t\t\t\t\t\t\t\t\t\t\t\t\t<\/div>\n\t\t\t\t<\/div>\n\t\t\t\t<\/div>\n\t\t\t\t<\/div>\n\t\t\t\t<\/div>\n\t\t\t\t<\/div>\n\t\t","protected":false},"excerpt":{"rendered":"<p>Rives est une soci\u00e9t\u00e9 fran\u00e7aise de conseil en communication entre les territoires. Nous sommes le conseiller des dirigeants d\u2019entreprises de taille interm\u00e9diaire, d\u2019entreprises familiales et de startups industrielles. Nous contacter<\/p>\n","protected":false},"author":1,"featured_media":0,"parent":0,"menu_order":0,"comment_status":"closed","ping_status":"open","template":"elementor_canvas","meta":{"footnotes":""},"class_list":["post-2","page","type-page","status-publish","hentry"],"_links":{"self":[{"href":"https:\/\/rives-conseil.com\/index.php?rest_route=\/wp\/v2\/pages\/2","targetHints":{"allow":["GET"]}}],"collection":[{"href":"https:\/\/rives-conseil.com\/index.php?rest_route=\/wp\/v2\/pages"}],"about":[{"href":"https:\/\/rives-conseil.com\/index.php?rest_route=\/wp\/v2\/types\/page"}],"author":[{"embeddable":true,"href":"https:\/\/rives-conseil.com\/index.php?rest_route=\/wp\/v2\/users\/1"}],"replies":[{"embeddable":true,"href":"https:\/\/rives-conseil.com\/index.php?rest_route=%2Fwp%2Fv2%2Fcomments&post=2"}],"version-history":[{"count":163,"href":"https:\/\/rives-conseil.com\/index.php?rest_route=\/wp\/v2\/pages\/2\/revisions"}],"predecessor-version":[{"id":209,"href":"https:\/\/rives-conseil.com\/index.php?rest_route=\/wp\/v2\/pages\/2\/revisions\/209"}],"wp:attachment":[{"href":"https:\/\/rives-conseil.com\/index.php?rest_route=%2Fwp%2Fv2%2Fmedia&parent=2"}],"curies":[{"name":"wp","href":"https:\/\/api.w.org\/{rel}","templated":true}]}}